07?
41, 27427
What are the prime factors of 1250730?
2, 3, 5, 13, 1069
List the prime factors of 546903.
3, 7, 8681
What are the prime factors of 620519?
620519
List the prime factors of 2159468.
2, 37, 14591
List the prime factors of 3658551.
3, 13, 93809
List the prime factors of 12540997.
7, 139, 12889
List the prime factors of 11325507.
3, 3775169
What are the prime factors of 86846?
2, 173, 251
What are the prime factors of 669937?
669937
List the prime factors of 12848760.
2, 3, 5, 11897
What are the prime factors of 4409?
4409
List the prime factors of 13067093.
13, 1005161
What are the prime factors of 3110686?
2, 1555343
What are the prime factors of 132593?
67, 1979
What are the prime factors of 93213?
3, 10357
What are the prime factors of 12904270?
2, 5, 1290427
What are the prime factors of 2905188?
2, 3, 11, 13, 1693
What are the prime factors of 5095931?
41, 124291
List the prime factors of 4862053.
7, 29, 43, 557
What are the prime factors of 6040685?
5, 7, 107, 1613
What are the prime factors of 127673?
7, 13, 23, 61
List the prime factors of 16875.
3, 5
What are the prime factors of 1502042?
2, 751021
List the prime factors of 5235832.
2, 7, 93497
What are the prime factors of 211139?
199, 1061
What are the prime factors of 7766868?
2, 3, 733, 883
What are the prime factors of 2421212?
2, 61, 9923
What are the prime factors of 840773?
683, 1231
What are the prime factors of 17195959?
11, 17, 91957
List the prime factors of 304706.
2, 131, 1163
What are the prime factors of 434019?
3, 199, 727
What are the prime factors of 167727?
3, 7, 163
List the prime factors of 1412586.
2, 3, 7, 37, 101
List the prime factors of 1529157.
3, 7, 72817
What are the prime factors of 878421?
3, 292807
What are the prime factors of 817882?
2, 13, 83, 379
List the prime factors of 770585.
5, 229, 673
List the prime factors of 380719.
23, 16553
List the prime factors of 4068160.
2, 5, 12713
List the prime factors of 699039.
3, 11, 23, 307
What are the prime factors of 9397894?
2, 11, 19, 22483
What are the prime factors of 20599?
20599
What are the prime factors of 18949820?
2, 5, 149, 6359
What are the prime factors of 9217361?
101, 263, 347
What are the prime factors of 670943?
7, 13, 73, 101
List the prime factors of 183077.
29, 59, 107
What are the prime factors of 169359?
3, 56453
List the prime factors of 19309468.
2, 1087, 4441
What are the prime factors of 2580880?
2, 5, 32261
What are the prime factors of 1765994?
2, 17, 51941
List the prime factors of 130415.
5, 26083
What are the prime factors of 163084?
2, 40771
What are the prime factors of 1847113?
59, 31307
What are the prime factors of 984364?
2, 67, 3673
What are the prime factors of 4429422?
2, 3, 53, 4643
List the prime factors of 248771.
47, 67, 79
List the prime factors of 3436340.
2, 5, 19, 9043
List the prime factors of 9154806.
2, 3, 17, 89753
What are the prime factors of 254122?
2, 11, 11551
What are the prime factors of 12773?
53, 241
List the prime factors of 422764.
2, 105691
What are the prime factors of 3025905?
3, 5, 61, 3307
What are the prime factors of 506433?
3, 223, 757
List the prime factors of 215956.
2, 13, 4153
What are the prime factors of 1219377?
3, 269, 1511
What are the prime factors of 4740568?
2, 7, 84653
List the prime factors of 1324227.
3, 29, 31, 491
List the prime factors of 2267176.
2, 283397
List the prime factors of 10757143.
10757143
List the prime factors of 741650.
2, 5, 7, 13, 163
What are the prime factors of 30365?
5, 6073
List the prime factors of 1907.
1907
List the prime factors of 129920.
2, 5, 7, 29
What are the prime factors of 552916?
2, 7, 13, 31
What are the prime factors of 7580074?
2, 1049, 3613
What are the prime factors of 219137?
419, 523
List the prime factors of 3255498.
2, 3, 19, 167
List the prime factors of 1310178.
2, 3, 218363
List the prime factors of 73365.
3, 5, 67, 73
What are the prime factors of 37502229?
3, 59, 211877
What are the prime factors of 87565?
5, 83, 211
List the prime factors of 978006.
2, 3, 19, 23, 373
List the prime factors of 48464.
2, 13, 233
What are the prime factors of 1642782?
2, 3, 273797
What are the prime factors of 151819?
157, 967
What are the prime factors of 6082959?
3, 59, 34367
List the prime factors of 1350811.
7, 11, 53, 331
What are the prime factors of 86975?
5, 7, 71
What are the prime factors of 2433299?
11, 221209
What are the prime factors of 120641?
120641
List the prime factors of 2160252.
2, 3, 23, 2609
List the prime factors of 70100.
2, 5, 701
What are the prime factors of 3897854?
2, 1948927
List the prime factors of 805379.
37, 21767
List the prime factors of 5408715.
3, 5, 13, 27737
What are the prime factors of 231518?
2, 7, 23, 719
What are the prime factors of 6764?
2, 19, 89
What are the prime factors of 352270?
2, 5, 35227
What are the prime factors of 6708198?
2, 3, 7, 22817
List the prime factors of 1458654.
2, 3, 243109
What are the prime factors of 7838471?
71, 113, 977
What are the prime factors of 17121043?
269, 63647
List the prime factors of 398677.
19, 20983
List the prime factors of 9440257.
373, 25309
List the prime factors of 8270197.
13, 61, 10429
List the prime factors of 756308.
2, 7, 27011
List the prime factors of 417449.
19, 127, 173
List the prime factors of 1274430.
2, 3, 5, 23, 1847
What are the prime factors of 5224906?
2, 137, 19069
What are the prime factors of 2459288?
2, 13, 17, 107
What are the prime factors of 11126281?
79, 140839
List the prime factors of 340546.
2, 41, 4153
List the prime factors of 9111249.
3, 7, 29, 4987
List the prime factors of 6517597.
6517597
What are the prime factors of 7854056?
2, 7, 139, 1009
List the prime factors of 259116.
2, 3, 11, 13, 151
List the prime factors of 7356939.
3, 2452313
What are the prime factors of 387450?
2, 3, 5, 7, 41
What are the prime factors of 176621?
239, 739
What are the prime factors of 692400?
2, 3, 5, 577
What are the prime factors of 1858208?
2, 11, 5279
What are the prime factors of 8484381?
3, 942709
List the prime factors of 2199979.
2199979
List the prime factors of 1124852.
2, 29, 9697
What are the prime factors of 1088555?
5, 13, 16747
What are the prime factors of 50023?
50023
What are the prime factors of 478799?
521, 919
What are the prime factors of 14408671?
41, 97, 3623
What are the prime factors of 78985?
5, 15797
What are the prime factors of 6507075?
3, 5, 53, 1637
List the prime factors of 3118393.
83, 37571
What are the prime factors of 20853965?
5, 11, 379163
What are the prime factors of 552610?
2, 5, 73, 757
What are the prime factors of 235203?
3, 78401
What are the prime factors of 48884?
2, 11, 101
List the prime factors of 10851482.
2, 5425741
What are the prime factors of 431158?
2, 7, 13, 23, 103
List the prime factors of 4441692.
2, 3, 17, 21773
What are the prime factors of 406319?
29, 14011
List the prime factors of 7428727.
29, 256163
What are the prime factors of 24560681?
41, 353, 1697
What are the prime factors of 37950?
2, 3, 5, 11, 23
What are the prime factors of 321388?
2, 80347
What are the prime factors of 10440223?
419, 24917
What are the prime factors of 6451931?
6451931
List the prime factors of 8870505.
3, 5, 7, 84481
What are the prime factors of 8654?
2, 4327
List the prime factors of 972298.
2, 17, 28597
List the prime factors of 9855983.
23, 173, 2477
What are the prime factors of 756961?
756961
What are the prime factors of 4880002?
2, 23, 106087
List the prime factors of 973513.
487, 1999
What are the prime factors of 3004516?
2, 29, 59, 439
What are the prime factors of 27850616?
2, 3481327
List the prime factors of 1057645.
5, 37, 5717
List the prime factors of 9769902.
2, 3, 1628317
What are the prime factors of 460826?
2, 19, 67, 181
List the prime factors of 233165.
5, 46633
List the prime factors of 1640145.
3, 5, 13, 647
List the prime factors of 33246304.
2, 7, 13, 233
What are the prime factors of 161166?
2, 3, 26861
What are the prime factors of 126723?
3, 53, 797
List the prime factors of 9567545.
5, 13, 19, 61, 127
List the prime factors of 97646.
2, 48823
List the prime factors of 896316.
2, 3, 113, 661
List the prime factors of 19606538.
2, 7, 43, 32569
What are the prime factors of 483665?
5, 7, 13, 10